{"id":237,"date":"2021-09-06T14:56:50","date_gmt":"2021-09-06T12:56:50","guid":{"rendered":"http:\/\/lubmasz.dkonto.pl\/?page_id=237"},"modified":"2021-09-14T17:30:16","modified_gmt":"2021-09-14T15:30:16","slug":"naprawa-pomp-hydraulicznych","status":"publish","type":"page","link":"http:\/\/lubmasz.dkonto.pl\/index.php\/oferta\/hydraulika-silowa\/naprawa-pomp-hydraulicznych\/","title":{"rendered":"Naprawa pomp hydraulicznych"},"content":{"rendered":"\t\t<div data-elementor-type=\"wp-page\" data-elementor-id=\"237\" class=\"elementor elementor-237\" data-elementor-settings=\"[]\">\n\t\t\t\t\t\t\t<div class=\"elementor-section-wrap\">\n\t\t\t\t\t\t\t<section class=\"elementor-section elementor-top-section elementor-element elementor-element-5a559d6c elementor-section-full_width elementor-section-height-default elementor-section-height-default\" data-id=\"5a559d6c\" data-element_type=\"section\" data-settings=\"{&quot;background_background&quot;:&quot;classic&quot;}\">\n\t\t\t\t\t\t<div class=\"elementor-container elementor-column-gap-no\">\n\t\t\t\t\t<div class=\"elementor-column elementor-col-100 elementor-top-column elementor-element elementor-element-19c3cc61\" data-id=\"19c3cc61\" data-element_type=\"column\">\n\t\t\t<div class=\"elementor-widget-wrap elementor-element-populated\">\n\t\t\t\t\t\t\t\t<div class=\"elementor-element elementor-element-2fb200f5 elementor-widget elementor-widget-heading\" data-id=\"2fb200f5\" data-element_type=\"widget\" data-widget_type=\"heading.default\">\n\t\t\t\t<div class=\"elementor-widget-container\">\n\t\t\t<h2 class=\"elementor-heading-title elementor-size-default\">Naprawa pomp hydraulicznych<\/h2>\t\t<\/div>\n\t\t\t\t<\/div>\n\t\t\t\t\t<\/div>\n\t\t<\/div>\n\t\t\t\t\t\t\t<\/div>\n\t\t<\/section>\n\t\t\t\t<section class=\"elementor-section elementor-top-section elementor-element elementor-element-38f7fd73 elementor-section-boxed elementor-section-height-default elementor-section-height-default\" data-id=\"38f7fd73\" data-element_type=\"section\">\n\t\t\t\t\t\t<div class=\"elementor-container elementor-column-gap-default\">\n\t\t\t\t\t<div class=\"elementor-column elementor-col-50 elementor-top-column elementor-element elementor-element-4b202778 sticky-parent\" data-id=\"4b202778\" data-element_type=\"column\" data-settings=\"{&quot;background_background&quot;:&quot;classic&quot;}\">\n\t\t\t<div class=\"elementor-widget-wrap elementor-element-populated\">\n\t\t\t\t\t\t\t\t<section class=\"elementor-section elementor-inner-section elementor-element elementor-element-56f10665 sticky-column elementor-section-boxed elementor-section-height-default elementor-section-height-default\" data-id=\"56f10665\" data-element_type=\"section\" data-settings=\"{&quot;background_background&quot;:&quot;classic&quot;}\">\n\t\t\t\t\t\t<div class=\"elementor-container elementor-column-gap-no\">\n\t\t\t\t\t<div class=\"elementor-column elementor-col-100 elementor-inner-column elementor-element elementor-element-4b8338c5\" data-id=\"4b8338c5\" data-element_type=\"column\">\n\t\t\t<div class=\"elementor-widget-wrap elementor-element-populated\">\n\t\t\t\t\t\t\t\t<div class=\"elementor-element elementor-element-6e206bb8 elementor-widget elementor-widget-heading\" data-id=\"6e206bb8\" data-element_type=\"widget\" data-widget_type=\"heading.default\">\n\t\t\t\t<div class=\"elementor-widget-container\">\n\t\t\t<h2 class=\"elementor-heading-title elementor-size-default\">Co robimy?<\/h2>\t\t<\/div>\n\t\t\t\t<\/div>\n\t\t\t\t<div class=\"elementor-element elementor-element-653062e elementor-widget elementor-widget-heading\" data-id=\"653062e\" data-element_type=\"widget\" data-widget_type=\"heading.default\">\n\t\t\t\t<div class=\"elementor-widget-container\">\n\t\t\t<h2 class=\"elementor-heading-title elementor-size-default\"><a href=\"http:\/\/lubmasz.dkonto.pl\/index.php\/oferta\/hydraulika-silowa\/naprawa-silnikow-hydraulicznych\/\">Naprawa silnik\u00f3w hydraulicznych<\/a><\/h2>\t\t<\/div>\n\t\t\t\t<\/div>\n\t\t\t\t<div class=\"elementor-element elementor-element-3015eec1 elementor-widget-divider--view-line elementor-widget elementor-widget-divider\" data-id=\"3015eec1\" data-element_type=\"widget\" data-widget_type=\"divider.default\">\n\t\t\t\t<div class=\"elementor-widget-container\">\n\t\t\t\t\t<div class=\"elementor-divider\">\n\t\t\t<span class=\"elementor-divider-separator\">\n\t\t\t\t\t\t<\/span>\n\t\t<\/div>\n\t\t\t\t<\/div>\n\t\t\t\t<\/div>\n\t\t\t\t<div class=\"elementor-element elementor-element-19f318ad elementor-widget elementor-widget-heading\" data-id=\"19f318ad\" data-element_type=\"widget\" data-widget_type=\"heading.default\">\n\t\t\t\t<div class=\"elementor-widget-container\">\n\t\t\t<h2 class=\"elementor-heading-title elementor-size-default\"><a href=\"http:\/\/lubmasz.dkonto.pl\/index.php\/oferta\/hydraulika-silowa\/naprawa-pomp-hydraulicznych\/\">Naprawa pomp hydraulicznych<\/a><\/h2>\t\t<\/div>\n\t\t\t\t<\/div>\n\t\t\t\t<div class=\"elementor-element elementor-element-1ad42726 elementor-widget-divider--view-line elementor-widget elementor-widget-divider\" data-id=\"1ad42726\" data-element_type=\"widget\" data-widget_type=\"divider.default\">\n\t\t\t\t<div class=\"elementor-widget-container\">\n\t\t\t\t\t<div class=\"elementor-divider\">\n\t\t\t<span class=\"elementor-divider-separator\">\n\t\t\t\t\t\t<\/span>\n\t\t<\/div>\n\t\t\t\t<\/div>\n\t\t\t\t<\/div>\n\t\t\t\t<div class=\"elementor-element elementor-element-3806bf79 elementor-widget elementor-widget-heading\" data-id=\"3806bf79\" data-element_type=\"widget\" data-widget_type=\"heading.default\">\n\t\t\t\t<div class=\"elementor-widget-container\">\n\t\t\t<h2 class=\"elementor-heading-title elementor-size-default\"><a href=\"http:\/\/lubmasz.dkonto.pl\/index.php\/oferta\/hydraulika-silowa\/naprawa-silownikow-hydraulicznych\/\">Naprawa si\u0142ownik\u00f3w hydraulicznych<\/a><\/h2>\t\t<\/div>\n\t\t\t\t<\/div>\n\t\t\t\t<div class=\"elementor-element elementor-element-38e0829 elementor-widget-divider--view-line elementor-widget elementor-widget-divider\" data-id=\"38e0829\" data-element_type=\"widget\" data-widget_type=\"divider.default\">\n\t\t\t\t<div class=\"elementor-widget-container\">\n\t\t\t\t\t<div class=\"elementor-divider\">\n\t\t\t<span class=\"elementor-divider-separator\">\n\t\t\t\t\t\t<\/span>\n\t\t<\/div>\n\t\t\t\t<\/div>\n\t\t\t\t<\/div>\n\t\t\t\t<div class=\"elementor-element elementor-element-8c78875 elementor-widget elementor-widget-heading\" data-id=\"8c78875\" data-element_type=\"widget\" data-widget_type=\"heading.default\">\n\t\t\t\t<div class=\"elementor-widget-container\">\n\t\t\t<h2 class=\"elementor-heading-title elementor-size-default\"><a href=\"http:\/\/lubmasz.dkonto.pl\/index.php\/oferta\/hydraulika-silowa\/naprawa-zebatych-pomp-i-silnikow-hydraulicznych\/\">Naprawa z\u0119batych pomp \ni silnik\u00f3w hydraulicznych<\/a><\/h2>\t\t<\/div>\n\t\t\t\t<\/div>\n\t\t\t\t\t<\/div>\n\t\t<\/div>\n\t\t\t\t\t\t\t<\/div>\n\t\t<\/section>\n\t\t\t\t\t<\/div>\n\t\t<\/div>\n\t\t\t\t<div class=\"elementor-column elementor-col-50 elementor-top-column elementor-element elementor-element-eaa960f\" data-id=\"eaa960f\" data-element_type=\"column\">\n\t\t\t<div class=\"elementor-widget-wrap elementor-element-populated\">\n\t\t\t\t\t\t\t\t<div class=\"elementor-element elementor-element-6c5233b3 elementor-widget elementor-widget-heading\" data-id=\"6c5233b3\" data-element_type=\"widget\" data-widget_type=\"heading.default\">\n\t\t\t\t<div class=\"elementor-widget-container\">\n\t\t\t<h2 class=\"elementor-heading-title elementor-size-default\">Jak dzia\u0142aj\u0105<span style=\"color: var( --e-global-color-primary );\"><\/span><\/h2>\t\t<\/div>\n\t\t\t\t<\/div>\n\t\t\t\t<div class=\"elementor-element elementor-element-6c725c29 elementor-widget elementor-widget-heading\" data-id=\"6c725c29\" data-element_type=\"widget\" data-widget_type=\"heading.default\">\n\t\t\t\t<div class=\"elementor-widget-container\">\n\t\t\t<h2 class=\"elementor-heading-title elementor-size-default\">pompy hydrauliczne t\u0142okowe?<\/h2>\t\t<\/div>\n\t\t\t\t<\/div>\n\t\t\t\t<div class=\"elementor-element elementor-element-3769141b elementor-widget elementor-widget-text-editor\" data-id=\"3769141b\" data-element_type=\"widget\" data-widget_type=\"text-editor.default\">\n\t\t\t\t<div class=\"elementor-widget-container\">\n\t\t\t\t\t\t\t<p>Pompy hydrauliczne stanowi\u0105 integraln\u0105 cz\u0119\u015b\u0107 nap\u0119d\u00f3w hydraulicznych. Zamieniaj\u0105 one dostarczon\u0105 energi\u0119 mechaniczn\u0105, pochodz\u0105c\u0105 z r\u00f3\u017cnego rodzaju silnik\u00f3w, na energi\u0119 hydrauliczn\u0105, zawart\u0105 w czynniku roboczym (najcz\u0119\u015bciej w oleju hydraulicznym pod zadanym ci\u015bnieniem i odpowiedni\u0105 wydajno\u015bci\u0105). Zasilaj\u0105 one silniki i si\u0142owniki hydrauliczne \u2013 po\u015brednio lub bezpo\u015brednio. W\u015br\u00f3d najpopularniejszych modeli wyr\u00f3\u017cnia si\u0119 pompy z\u0119bate, wielot\u0142oczkowe (osiowe lub promieniowe), jak r\u00f3wnie\u017c gerotorowe (o zaz\u0119bieniu wewn\u0119trznym).\u00a0<\/p>\t\t\t\t\t\t<\/div>\n\t\t\t\t<\/div>\n\t\t\t\t<div class=\"elementor-element elementor-element-202b736c elementor-widget elementor-widget-heading\" data-id=\"202b736c\" data-element_type=\"widget\" data-widget_type=\"heading.default\">\n\t\t\t\t<div class=\"elementor-widget-container\">\n\t\t\t<h2 class=\"elementor-heading-title elementor-size-default\">Gdzie stosuje si\u0119<span style=\"color: var( --e-global-color-primary );\"><\/span><\/h2>\t\t<\/div>\n\t\t\t\t<\/div>\n\t\t\t\t<div class=\"elementor-element elementor-element-74f70cad elementor-widget elementor-widget-heading\" data-id=\"74f70cad\" data-element_type=\"widget\" data-widget_type=\"heading.default\">\n\t\t\t\t<div class=\"elementor-widget-container\">\n\t\t\t<h2 class=\"elementor-heading-title elementor-size-default\">pompy hydrauliczne t\u0142okowe?<\/h2>\t\t<\/div>\n\t\t\t\t<\/div>\n\t\t\t\t<div class=\"elementor-element elementor-element-4b013d90 elementor-widget elementor-widget-text-editor\" data-id=\"4b013d90\" data-element_type=\"widget\" data-widget_type=\"text-editor.default\">\n\t\t\t\t<div class=\"elementor-widget-container\">\n\t\t\t\t\t\t\t<p>Pompy hydrauliczne znajduj\u0105 szerokie zastosowanie jako urz\u0105dzenia realizuj\u0105ce kluczowe procesy nap\u0119d\u00f3w. Wysoka wytrzyma\u0142o\u015b\u0107 nawet w bardzo trudnych warunkach pracy sprawia, \u017ce z powodzeniem wykorzystywane s\u0105 w wielu dziedzinach przemys\u0142u.\u00a0<\/p><p>\u00a0<\/p><p>Serwisujemy produkty najlepszych \u015bwiatowych producent\u00f3w, mi\u0119dzy innymi:<\/p><p>LINDE, REXROTH, SAUER DANFOSS, BRUENINGHAUS HYDROMATIC, HYDRO LEDUC, MANNESMANN, BOSCH, EATON, CASAPPA, HALDEX, HITACHI, KOMATSU, M&amp;S ,PARKER, VICKERS ,WHITE<\/p>\t\t\t\t\t\t<\/div>\n\t\t\t\t<\/div>\n\t\t\t\t<div class=\"elementor-element elementor-element-553fe845 elementor-widget elementor-widget-heading\" data-id=\"553fe845\" data-element_type=\"widget\" data-widget_type=\"heading.default\">\n\t\t\t\t<div class=\"elementor-widget-container\">\n\t\t\t<h2 class=\"elementor-heading-title elementor-size-default\">Jak naprawiamy<span style=\"color: var( --e-global-color-primary );\"><\/span><\/h2>\t\t<\/div>\n\t\t\t\t<\/div>\n\t\t\t\t<div class=\"elementor-element elementor-element-10612986 elementor-widget elementor-widget-heading\" data-id=\"10612986\" data-element_type=\"widget\" data-widget_type=\"heading.default\">\n\t\t\t\t<div class=\"elementor-widget-container\">\n\t\t\t<h2 class=\"elementor-heading-title elementor-size-default\">pompy hydrauliczne t\u0142okowe?<\/h2>\t\t<\/div>\n\t\t\t\t<\/div>\n\t\t\t\t<div class=\"elementor-element elementor-element-14aa5012 elementor-widget elementor-widget-text-editor\" data-id=\"14aa5012\" data-element_type=\"widget\" data-widget_type=\"text-editor.default\">\n\t\t\t\t<div class=\"elementor-widget-container\">\n\t\t\t\t\t\t\t<p>Podobnie jak w przypadku silnik\u00f3w hydraulicznych, przy monta\u017cu pomp istotne jest osiowanie wa\u0142\u00f3w g\u0142\u00f3wnych po wymianie \u0142o\u017cysk. Przy osadzaniu wa\u0142\u00f3w w nowych \u0142o\u017cyskach nale\u017cy wzi\u0105\u0107 pod uwag\u0119 tzw. luzy monta\u017cowe zalecane przez producenta. R\u00f3wnie wa\u017cne jest uzyskanie odpowiedniej klasy chropowato\u015bci wsp\u00f3\u0142pracuj\u0105cych ze sob\u0105 element\u00f3w w tzw. k\u0105pieli olejowej. Aby uzyska\u0107 po\u017c\u0105dany efekt, elementy poddajemy procesom szlifowania, a nast\u0119pnie honowania (dog\u0142adzania). Niekt\u00f3re cz\u0119\u015bci pomp hydraulicznych s\u0105 montowane z dok\u0142adno\u015bci\u0105 od 0,01 mm do 0,05 mm. Powoduje to uzyskanie odpowiedniej szczelno\u015bci i ich prawid\u0142ow\u0105 wsp\u00f3\u0142prac\u0119 podczas eksploatacji.<\/p><p>Oferujemy kompleksowe naprawy nast\u0119puj\u0105cych rodzaj\u00f3w pomp hydraulicznych:<\/p><p>&#8211; t\u0142okowych (osiowe i promieniowe),\u00a0<\/p><p>&#8211; z\u0119batych,<\/p><p>&#8211; gerotorowych,\u00a0<\/p><p>&#8211; gerolerowych.\u00a0<\/p>\t\t\t\t\t\t<\/div>\n\t\t\t\t<\/div>\n\t\t\t\t\t<\/div>\n\t\t<\/div>\n\t\t\t\t\t\t\t<\/div>\n\t\t<\/section>\n\t\t\t\t\t\t<\/div>\n\t\t\t\t\t<\/div>\n\t\t","protected":false},"excerpt":{"rendered":"<p>Naprawa pomp hydraulicznych Co robimy? Naprawa silnik\u00f3w hydraulicznych Naprawa pomp hydraulicznych Naprawa si\u0142ownik\u00f3w hydraulicznych Naprawa z\u0119batych pomp i silnik\u00f3w hydraulicznych Jak dzia\u0142aj\u0105 pompy hydrauliczne t\u0142okowe? Pompy hydrauliczne stanowi\u0105 integraln\u0105 cz\u0119\u015b\u0107 nap\u0119d\u00f3w hydraulicznych. Zamieniaj\u0105 one dostarczon\u0105 energi\u0119 mechaniczn\u0105, pochodz\u0105c\u0105 z r\u00f3\u017cnego rodzaju silnik\u00f3w, na energi\u0119 hydrauliczn\u0105, zawart\u0105 w czynniku roboczym (najcz\u0119\u015bciej w oleju hydraulicznym pod zadanym [&hellip;]<\/p>\n","protected":false},"author":1,"featured_media":0,"parent":212,"menu_order":0,"comment_status":"closed","ping_status":"closed","template":"","meta":{"footnotes":""},"class_list":["post-237","page","type-page","status-publish","hentry"],"_links":{"self":[{"href":"http:\/\/lubmasz.dkonto.pl\/index.php\/wp-json\/wp\/v2\/pages\/237","targetHints":{"allow":["GET"]}}],"collection":[{"href":"http:\/\/lubmasz.dkonto.pl\/index.php\/wp-json\/wp\/v2\/pages"}],"about":[{"href":"http:\/\/lubmasz.dkonto.pl\/index.php\/wp-json\/wp\/v2\/types\/page"}],"author":[{"embeddable":true,"href":"http:\/\/lubmasz.dkonto.pl\/index.php\/wp-json\/wp\/v2\/users\/1"}],"replies":[{"embeddable":true,"href":"http:\/\/lubmasz.dkonto.pl\/index.php\/wp-json\/wp\/v2\/comments?post=237"}],"version-history":[{"count":28,"href":"http:\/\/lubmasz.dkonto.pl\/index.php\/wp-json\/wp\/v2\/pages\/237\/revisions"}],"predecessor-version":[{"id":347,"href":"http:\/\/lubmasz.dkonto.pl\/index.php\/wp-json\/wp\/v2\/pages\/237\/revisions\/347"}],"up":[{"embeddable":true,"href":"http:\/\/lubmasz.dkonto.pl\/index.php\/wp-json\/wp\/v2\/pages\/212"}],"wp:attachment":[{"href":"http:\/\/lubmasz.dkonto.pl\/index.php\/wp-json\/wp\/v2\/media?parent=237"}],"curies":[{"name":"wp","href":"https:\/\/api.w.org\/{rel}","templated":true}]}}